14
1576
1521 (base 12) to base 14
c89
Convert 382 (base 15) to base 6.
3405
What is -332203 (base 7) in base 5?
-3332121
What is -416 (base 11) in base 16?
-1f5
13479 (base 15) to base 4
33011010
1637 (base 8) to base 6
4143
-c91 (base 15) to base 9
-3801
-13030 (base 9) to base 11
-6658
Convert -233121 (base 4) to base 6.
-22013
What is -13384 (base 12) in base 2?
-110011101010100
-100111000 (base 2) to base 10
-312
What is -1401 (base 7) in base 2?
-1000011100
What is 1390 (base 10) in base 2?
10101101110
What is 5306 (base 12) in base 16?
2376
-c5 (base 15) to base 9
-225
What is -45551 (base 8) in base 9?
-28430
f4 (base 16) to base 11
202
82c (base 15) to base 2
11100110010
Convert c (base 13) to base 15.
c
-222a (base 11) to base 9
-4022
Convert -255 (base 11) to base 10.
-302
1772 (base 10) to base 4
123230
-169aa (base 13) to base 8
-124614
What is -10a7 (base 15) in base 2?
-110111001100
Convert 634 (base 7) to base 11.
270
-41211 (base 6) to base 7
-21655
What is -1004 (base 6) in base 8?
-334
Convert 1082 (base 9) to base 14.
415
2228 (base 13) to base 14
1a46
What is 1721 (base 10) in base 15?
79b
309 (base 11) to base 8
564
-1314 (base 10) to base 11
-a95
124141 (base 8) to base 12
20b41
-1312100 (base 4) to base 14
-2a88
Convert 877 (base 11) to base 14.
552
Convert 48672 (base 11) to base 6.
1300053
10101100 (base 2) to base 16
ac
Convert -1001 (base 6) to base 11.
-188
-4245 (base 6) to base 8
-1705
22042 (base 8) to base 2
10010000100010
Convert -102 (base 11) to base 7.
-234
-5042 (base 10) to base 14
-1ba2
What is 43068 (base 10) in base 12?
20b10
What is -54006 (base 7) in base 15?
-3e73
Convert -1345 (base 16) to base 2.
-1001101000101
-120321 (base 5) to base 12
-26b9
What is 6ac3 (base 16) in base 13?
c595
2e21 (base 15) to base 5
304211
301 (base 4) to base 7
100
What is 13104 (base 8) in base 14?
2112
Convert 1723 (base 15) to base 8.
11567
Convert 2101 (base 12) to base 16.
e11
-103013 (base 5) to base 11
-26aa
872 (base 9) to base 10
713
-15 (base 16) to base 2
-10101
What is -21 (base 15) in base 14?
-23
-660 (base 10) to base 11
-550
110101010101 (base 2) to base 9
4612
-2431 (base 6) to base 7
-1510
Convert 422 (base 10) to base 2.
110100110
43333 (base 9) to base 3
1110101010
Convert 152 (base 13) to base 3.
22202
Convert 432e (base 16) to base 13.
7a9c
Convert -219 (base 11) to base 2.
-100000110
Convert 1033 (base 14) to base 4.
223211
Convert -244430 (base 5) to base 7.
-36206
Convert 4404013 (base 5) to base 11.
51804
Convert 934 (base 10) to base 5.
12214
Convert -2002101 (base 3) to base 14.
-7aa
What is 33356 (base 8) in base 16?
36ee
Convert -3101 (base 13) to base 10.
-6761
What is 461 (base 7) in base 3?
22212
4322130 (base 5) to base 11
50181
200120 (base 3) to base 7
1314
What is 1618 (base 12) in base 5?
40422
Convert -7b0 (base 13) to base 11.
-aa6
Convert -110 (base 13) to base 5.
-1212
What is 120210220 (base 3) in base 10?
11526
-302316 (base 7) to base 12
-25803
-441013 (base 5) to base 10
-15133
288 (base 11) to base 12
242
What is 29458 (base 10) in base 2?
111001100010010
Convert -a623 (base 15) to base 3.
-1210012020
Convert 56025 (base 7) to base 12.
8196
What is 4917 (base 13) in base 11?
7840
Convert 123a (base 15) to base 6.
25544
What is -74d (base 14) in base 3?
-1222101
-1200020021 (base 3) to base 2
-1000000011001110
What is 21155 (base 8) in base 7?
34460
-681 (base 11) to base 10
-815
500131 (base 6) to base 7
221341
Convert -712 (base 16) to base 4.
-130102
Convert -1766 (base 11) to base 10.
-2250
Convert -39a2 (base 12) to base 3.
-100001112
Convert -552 (base 9) to base 11.
-381
Convert -610 (base 10) to base 5.
-4420
-34131 (base 6) to base 9
-6531
What is -6746 (base 13) in base 16?
-3857
What is 1338 (base 9) in base 14?
51d
What is 3441 (base 7) in base 2?
10011100110
1020 (base 8) to base 4
20100
-53412 (base 6) to base 14
-2920
What is -1301203 (base 4) in base 5?
-213032
Convert -4b5a (base 14) to base 16.
-339c
What is -101141 (base 8) in base 6?
-414305
What is 3560 (base 16) in base 8?
32540
2882 (base 12) to base 16
1262
Convert 101010100011 (base 2) to base 4.
222203
-11b (base 15) to base 8
-373
Convert 1741 (base 9) to base 13.
7b7
Convert -59 (base 13) to base 5.
-244
-948 (base 12) to base 4
-111020
Convert 3a7 (base 12) to base 14.
2bd
What is -14875 (base 16) in base 4?
-110201311
What is 2001210 (base 3) in base 11?
114a
Convert 4a1 (base 12) to base 14.
37b
Convert 1306 (base 7) to base 16.
1f0
What is 220020202 (base 3) in base 2?
100010100001110
9562 (base 11) to base 6
134324
Convert 51575 (base 10) to base 7.
303236
Convert 1031b (base 16) to base 2.
10000001100011011
Convert -29c4 (base 13) to base 5.
-143300
What is 213101 (base 5) in base 9?
10874
3ba2 (base 12) to base 15
2095
What is -4332 (base 7) in base 16?
-606
Convert -571 (base 13) to base 2.
-1110101001
Convert -30606 (base 7) to base 15.
-2353
-1103123 (base 4) to base 11
-4014
4657 (base 8) to base 15
b04
What is -9602 (base 10) in base 5?
-301402
Convert 110110100 (base 2) to base 14.
232
Convert -11122222 (base 3) to base 4.
-311021
2800 (base 10) to base 3
10211201
-8ae (base 16) to base 4
-202232
Convert -32344 (base 7) to base 6.
-101204
What is 40508 (base 10) in base 13?
15590
What is 25292 (base 10) in base 14?
9308
3064 (base 10) to base 14
118c
Convert -137 (base 12) to base 11.
-160
What is 1701 (base 8) in base 13?
58c
100000110100 (base 2) to base 9
2783
-28b (base 15) to base 8
-1105
-a62 (base 13) to base 9
-2376
What is -22 (base 6) in base 14?
-10
-1144 (base 10) to base 6
-5144
What is -1b1b (base 16) in base 15?
-20c9
What is -13c (base 15) in base 12?
-1b6
What is -100320 (base 5) in base 16?
-c8a
What is 7165 (base 8) in base 6?
25045
What is 2727 (base 9) in base 8?
4002
Convert 1938a (base 11) to base 4.
12213021
-145 (base 16) to base 10
-325
Convert -a000 (base 11) to base 14.
-4bca
-111001110 (base 2) to base 3
-122010
1098 (base 12) to base 10
1844
Convert 37b7 (base 13) to base 2.
1111011110100
What is -7330 (base 11) in base 2?
-10010111110001
Convert 956 (base 13) to base 3.
2011222
1200000122 (base 3) to base 7
164456
3533 (base 7) to base 13
78b
Convert 1202012 (base 3) to base 10.
1274
What is a9 (base 14) in base 12?
105
What is 317 (base 12) in base 7?
1213
Convert 6346 (base 9) to base 14.
19ab
-1ab (base 16) to base 7
-1150
What is 36275 (base 8) in base 15?
4919
-9b93 (base 12) to base 10
-17247
208 (base 14) to base 6
1504
Convert 1122 (base 7) to base 16.
198
What is -1d2 (base 16) in base 2?
-111010010
-1023 (base 15) to base 8
-6520
Convert 223411 (base 7) to base 16.
9ae1
Convert 54413 (base 7) to base 16.
350f
What is 112011011 (base 3) in base 9?
15134
Convert 23421 (base 6) to base 2.
110101000101
Convert -1113 (base 5) to base 11.
-134
What is -577 (base 14) in base 6?
-5005
Convert 1000001001010010 (base 2) to base 5.
2031422
-ab8 (base 12) to base 4
-120230
Convert c6 (base 14) to base 6.
450
What is -4 (base 16) in base 6?
-4
What is -6b2 (base 13) in base 7?
-3244
-100011010001 (base 2) to base 5
-33012
Convert 3855 (base 10) to base 8.
7417
Convert 403 (base 11) to base 10.
487
What is 102577 (base 8) in base 15?
a1d5
Convert 2285 (base 16) to base 2.
10001010000101
Convert -102110 (base 5) to base 13.
-171c
-54 (base 14) to base 5
-244
5cd (base 14) to base 4
102021
10102001 (base 3) to base 13
1192
Convert -10b9c (base 13) to base 12.
-15819
101100001100011 (base 2) to base 8
54143
6406 (base 8) to base 11
2561
What is 13260 (base 7) in base 16?
df2
What is -1184 (base 13) in base 12?
-1522
What is 1356a (base 11) in base 12?
b217
Convert -154 (base 9) to base 4.
-2002
Convert -120e (base 16) to base 7.
-16322
Convert -29a (base 12) to base 10.
-406
10012210 (base 4) to base 10
16804
Convert 18841 (base 12) to base 3.
1211001111
What is 36869 (base 10) in base 8?
110005
Convert 26884 (base 11) to base 12.
1a220
What is -5bbb (base 13) in base 6?
-140102
14526 (base 10) to base 8
34276
Convert -32200 (base 5) to base 10.
-2175
-6533 (base 8) to base 2
-110101011011
2201 (base 5) to base 9
364
What is -132321 (base 4) in base 14?
-a13
Convert -c1e (base 15) to base 2.
-101010101001
What is 32211 (base 4) in base 16?
3a5
What is -6612 